. Suppose -x*j + 32 = -u. Is 12 a factor of j?
True
Suppose -4*r - 5*c + 10 = 0, r + 4*c = -1 - 2. Is (-77)/(-4) + r/(-20) a multiple of 13?
False
Let p = 5 + -3. Suppose -l - l + 20 = 0. Is 6 a factor of l/1 - p/(-2)?
False
Suppose 5*d - 2*b = -13 + 165, -5*d = -5*b - 155. Is d a multiple of 24?
False
Let g = 2 - 26. Let v = 38 + g. Does 14 divide v?
True
Let p be 4*(-4)/8 - -11. Let g = 13 - p. Is 4 a factor of g?
True
Let d(j) = -4*j**2 + 3*j + 19. Suppose p = -2*p + 15. Let l(i) = -2*i**2 + i + 10. Let y(n) = p*l(n) - 3*d(n). Does 18 divide y(6)?
False
Suppose 0*y - 1 = y + 4*o, y = 4*o + 7. Let q(z) = -y*z**2 - 1 - z**3 + 7 + 3*z + z - z. Is q(-4) a multiple of 5?
True
Suppose z + 312 = 5*z. Is z a multiple of 13?
True
Suppose 14 = -2*d + 34. Is d a multiple of 10?
True
Suppose -4*k + 1 = -5*y - 2*k, -4*y = k - 7. Let r(c) = -c + c**2 + 0*c + 2*c. Is r(y) even?
True
Let g(j) = 8*j + 45. Does 26 divide g(13)?
False
Suppose 0 = -3*l + 1 + 8. Suppose -l*g + 13 = -2. Suppose g*y - 2*y - 12 = 0. Is y a multiple of 4?
True
Let v = -2 + 6. Let w(n) = -5*n + 2 + 1 + n**2 - n**3 + 6*n**2. Is 12 a factor of w(v)?
False
Let k(v) = 15*v**3 - v**2 + 7*v - 8. Is 47 a factor of k(3)?
False
Suppose -155 - 217 = -6*x. Is x a multiple of 15?
False
Let u = 8 - 5. Suppose 5*a = 2*k + 10, k - 1 = -2*a + u. Suppose 2*i = -4*p - 2*i + 96, -a*p + 5*i + 48 = 0. Is p a multiple of 13?
False
Let v(t) = -t**2. Let m be v(3). Let g = m - -33. Is 24 a factor of g?
True
Suppose 49 = 9*q - 8*q. Does 14 divide q?
False
Let l = -6 - -10. Suppose -8 = -5*f - 2*i, -l*i + 9*i = 2*f - 9. Does 14 divide f/9 + 644/18?
False
Let k = 18 + 104. Does 53 divide k?
False
Suppose -2*p = -4*u + 14, 10*u - 5*u + 4*p - 24 = 0. Suppose u*o - 3*k = 44, -5*o + 2*k + k + 52 = 0. Is 9 a factor of 2/o - (-172)/16?
False
Let n be ((-328)/16)/((-1)/(-2)). Let c = n + 79. Is 19 a factor of c?
True
Suppose -2*t - 2*t - 488 = 0. Let f = 87 + t. Is 9 a factor of (-395)/f + 4/(-14)?
False
Suppose -10 = -5*w - 5*k, 25 = 3*w - 3*k + 1. Let v = 2 + 31. Is 16 a factor of -5 + w + v + -1?
True
Let g(u) = -u**2 - 6*u**2 + 0*u**3 + 2 - 8*u + u**3. Let a be g(8). Suppose 126 = 4*h - 3*d, -a*h - 3*d = -59 + 5. Does 15 divide h?
True
Let g(y) = -y + 4. Let i be g(7). Let a(c) = 8*c + c**2 - 7*c - 3 + c**2. Is a(i) a multiple of 6?
True
Suppose 4*s + 3*b = 4 - 11, -3*s = -b - 11. Suppose -s*j + 15 = -17. Is j a multiple of 8?
True
Let s be 2/(-5) - (-14)/10. Is (25/10)/(s/10) a multiple of 9?
False
Let s(l) = l**3 + 8*l**2 + 7*l. Let p be s(-7). Suppose p = 3*u - 55 - 89. Is u a multiple of 16?
True
Let d = 171 + -9. Does 9 divide d?
True
Suppose -8 = 2*s + 28. Let b = 78 + s. Is 20 a factor of b?
True
Let x = -49 + 22. Let r = -15 - x. Is r a multiple of 4?
True
Let p(z) = 8*z**2 - 6*z + 1. Is p(-3) a multiple of 7?
True
Suppose -6*l + 7*l - 52 = 0. Does 10 divide l?
False
Let x(b) = -2*b + 3 - 3. Suppose p + 4*u = -0*u + 1, 2*u = 2*p + 8. Is x(p) a multiple of 2?
True
Let c(o) = 33*o - 1. Let m be c(-1). Let l = -8 + -13. Let h = l - m. Does 8 divide h?
False
Does 11 divide (2 + 30/(-4))*-6?
True
Let s(b) = 8*b + 22. Is s(8) a multiple of 22?
False
Suppose 0 = 6*i - 206 - 232. Does 15 divide i?
False
Let t(h) = 26*h - 38. Is 7 a factor of t(4)?
False
Let l = 54 - 45. Is 3 a factor of l?
True
Let m = 7 - 4. Let i = m + -1. Is i a multiple of 2?
True
Let x be ((-12)/18)/((-4)/78). Let b = x + -9. Does 2 divide b?
True
Suppose -4*k - 2*l + 21 = -11, 4*l - 24 = -3*k. Is 2 a factor of k?
True
Let y = 5 + -2. Let x be 4 + 2/(1 - y). Is 12 a factor of (5/x + 2)*9?
False
Suppose 4*n - 132 = 96. Suppose -3*t + n = 3. Let s = t + 18. Is s a multiple of 16?
False
Let t = -2 + 0. Let x be 14/4 - t/4. Suppose -x*h + 32 = v - 5*v, 0 = -h - 3*v. Does 3 divide h?
True
Suppose 2*g = -7 + 3, 5*g = -4*z - 22. Does 16 divide ((-172)/6)/(2/z)?
False
Let i = -84 + 171. Is 7 a factor of i?
False
Let t = -21 + 2. Let o = t + 23. Is o a multiple of 4?
True
Let i be ((-2)/3)/(2/(-9)). Suppose 5*s - 128 = o, 2*s + i*o = 7*o + 44. Is 13 a factor of s?
True
Let b be (-1656)/(-27) + (-2)/(-3). Suppose -3*z + q = -b, 4*q - 104 = -3*z - z. Does 8 divide z?
False
Suppose 5*m - 21 = -1. Suppose -2*x = 4*j - 148, -m*j + 0*j - 4*x + 148 = 0. Is j a multiple of 21?
False
Let m(a) = a - 6. Is m(21) a multiple of 3?
True
Suppose -4*p + p = -5*i + 3, 0 = -p + i - 3. Let v = p - -22. Is v a multiple of 7?
False
Let k(r) = r**2 - 2*r - 2. Suppose -6*o - 15 = -o, 3*p = 3*o + 27. Is k(p) a multiple of 22?
True
Let a(j) = -2*j + 2. Let p be a(-5). Let l = p + 21. Is l a multiple of 11?
True
Let z = -200 - -390. Does 16 divide z?
False
Suppose 3*p - 19 = -4, 20 = -5*x - p. Let y(m) = m**3 + 4*m**2 - 6*m - 1. Is 2 a factor of y(x)?
True
Let j = 26 - 12. Suppose 5*r - 9 + 4 = 0. Let a = j + r. Is a a multiple of 6?
False
Is 14 a factor of ((-1)/2)/((-2)/56)?
True
Let g be (6 + -6)/(-2 + 0). Does 11 divide g/5 - (-1 + -10)?
True
Suppose 75 = 3*s + 12. Does 5 divide s?
False
Let i(p) be the second derivative of -2*p**3/3 + 17*p**2/2 - 6*p. Is 22 a factor of i(-15)?
False
Let m = 90 + -52. Does 19 divide m?
True
Let y = 40 + -28. Let q = y - 40. Is 15 a factor of (-186)/(-8) - 21/q?
False
Suppose -20 = -0*y - 4*y. Suppose -5*j = 4*n - 34, y*n - 2 = 3*n. Does 2 divide j?
True
Let s be 4*(-1 + 454/4). Does 6 divide 2/7 + s/42?
False
Suppose -871 = -7*s + 207. Is s a multiple of 22?
True
Suppose -4*l + 2*k - 304 = 0, -5*l - k + 5*k - 374 = 0. Let t = l - -124. Is 12 a factor of t?
False
Suppose -3*v + 5*w + 4 = 0, 14 = 2*v + 2*v + 2*w. Suppose -2*d - 33 = -v*j, 2*d = 7 - 1. Is 3 a factor of j?
False
Let a(x) be the first derivative of -3*x**2 + 4*x - 1. Suppose 3*b - 4*b - 4 = 0. Is 14 a factor of a(b)?
True
Is 28 a factor of -125*((-20)/(-25))/(-1)?
False
Let f(x) = -11*x + 59. Does 23 divide f(-11)?
False
Let u = 17 + 3. Let l be (u/6)/(6/9). Suppose -2*x - 22 = -0*q - 2*q, 0 = 4*q - l*x - 39. Does 8 divide q?
True
Let r = 32 - 53. Let b = r - -28. Is b a multiple of 7?
True
Let w(a) = 28*a + 40. Does 29 divide w(11)?
True
Let y(r) = -r - 1. Let m be y(-4). Let s(d) = 2*d - 7*d**3 + 1 + d**2 - d**3 + 3*d**m + 0. Is 16 a factor of s(-2)?
False
Let s(k) = -21*k - 7. Is s(-2) a multiple of 5?
True
Let t = -13 - -17. Suppose -5*s = 2*w - 4, 0 = -3*w - 2*w + t*s + 76. Is w a multiple of 6?
True
Suppose 2*l - 169 + 85 = 0. Is l a multiple of 9?
False
Let r be (-233)/(-7) + 1 - 32/112. Let p = 71 - 42. Let n = r + p. Is n a multiple of 21?
True
Let t be (4 - -2)*10/3. Suppose -t = -4*x, -3*k - 2*k - 5*x + 55 = 0. Is k a multiple of 3?
True
Let w = 3 + -3. Suppose 0 = -w*r + 2*r. Suppose r = 5*p - p + 2*x - 44, 12 = p + x. Does 4 divide p?
False
Let k be (24/60)/(1/10). Is 12 - (-1*k + 1) a multiple of 15?
True
Suppose -2*d = -0*d - 8. Suppose -6 - 6 = -d*b. Suppose -b*c = -4*q - 35, -2*q + 10 = 3*c - q. Is 3 a factor of c?
False
Suppose 0 = 3*g - 5*p - 635, -2*p - 5 = 3. Suppose -5*b + 250 = -g. Is b a multiple of 13?
True
Let v be (-1)/((-9)/30)*6. Suppose 80 = v*c - 16*c. Is 10 a factor of c?
True
Suppose 2*v + 0*v = -8, 3*v + 204 = 4*r. Is 8 a factor of r?
True
Does 19 divide 38/(2 - 6/4)?
True
Suppose 4 + 1 = a. Suppose g + 2*t = 9, a*t = 3*g - 2*g + 19. Let l = 6 - g. Is l a multiple of 5?
True
Let j(n) = n**3 + 9*n**2 + 3*n - 7. Let s = 8 - 16. Is 15 a factor of j(s)?
False
Suppose 0 = -u - x - 13, 5*u - u = 2*x - 22. Let s = 12 + u. Is 4 a factor of s?
True
Let m(g) = -g**3 - 4*g**2 + 4. Let y be m(-4). Is 9 a factor of (10/15)/(y/150)?
False
Let t(j) = -3*j + 11. Is 16 a factor of t(-8)?
False
Suppose -4*g + 75 + 181 = 0. Let v = g + -28. Is 17 a factor of v?
False
Let x(a) be the third derivative of a**5/30 - a**4/24 - a**3/2 + a**2. Is 13 a factor of x(5)?
False
Suppose 4*s - 18 = -2*z, 4*s - 14 = -4*z + 2. Let q = 5 - s. Suppose -3*o + q*c = -5*c - 103, 2*o + c = 47. Does 26 divide o?
True
Suppose -15 - 5 = -5*d. Let s = 30 + d. Is 15 a factor of s?
False
Suppose 3*c = c - 8, -3*f - 5*c - 11 = 0. Let b(p) = p**2 + 5*p + 4. Let k be b(-5). Suppose 5 = -2*s + 1, -f*g + 46 = k*s. Is g a multiple of 9?
True
Let b(p) = -96*p - 8. Let y be b(-7). Let l = 1075 - y. Is l/12 + 2/(-8) a multiple of 17?
True
Is -1 + -2 + 0 - -113 a multiple of 31?
False
Let s = 